prime factors of 61994492.
2, 7, 19, 116531
What are the prime factors of 5903726?
2, 17, 89, 1951
List the prime factors of 337748370.
2, 3, 5, 19, 73, 8117
What are the prime factors of 725700985?
5, 145140197
List the prime factors of 2029510103.
29, 181, 386647
What are the prime factors of 72035040?
2, 3, 5, 7, 11, 1949
List the prime factors of 30962100.
2, 3, 5, 13, 17, 467
List the prime factors of 4261480533.
3, 97, 4881421
List the prime factors of 26515928.
2, 613, 5407
List the prime factors of 16388418.
2, 3, 43, 63521
List the prime factors of 5849958842.
2, 7, 13, 17, 1890743
What are the prime factors of 67407760?
2, 5, 7, 120371
List the prime factors of 3908988977.
53, 73754509
List the prime factors of 46048717.
11, 13, 61, 5279
What are the prime factors of 12865836?
2, 3, 157, 6829
List the prime factors of 23722041.
3, 7, 79, 181
List the prime factors of 590556942.
2, 3, 32808719
What are the prime factors of 1254668145?
3, 5, 83644543
List the prime factors of 1242036216.
2, 3, 601, 28703
List the prime factors of 1149417533.
11, 137, 179, 4261
What are the prime factors of 283732584?
2, 3, 17, 31, 22433
What are the prime factors of 376829965?
5, 97, 776969
List the prime factors of 217629651.
3, 4057, 17881
What are the prime factors of 1188078302?
2, 19727, 30113
List the prime factors of 445426787.
13, 53, 67, 9649
What are the prime factors of 101245781?
7, 13, 1112591
What are the prime factors of 85052173?
17, 353, 14173
List the prime factors of 2976747655.
5, 7, 85049933
What are the prime factors of 185789160?
2, 3, 5, 172027
What are the prime factors of 98813697?
3, 163, 397, 509
What are the prime factors of 649830306?
2, 3, 1009, 107339
What are the prime factors of 651195948?
2, 3, 13, 17, 41, 53, 113
List the prime factors of 394770984.
2, 3, 103, 159697
List the prime factors of 26402343.
3, 11, 17, 19, 2477
What are the prime factors of 1839288446?
2, 17, 54096719
What are the prime factors of 45541528?
2, 823, 6917
List the prime factors of 192947159.
12401, 15559
What are the prime factors of 24363119?
11, 101, 21929
List the prime factors of 1579028816.
2, 17, 5805253
List the prime factors of 325523107.
7, 13, 89, 40193
List the prime factors of 15847073.
11, 89, 16187
List the prime factors of 1626363227.
1626363227
List the prime factors of 4959438431.
4959438431
What are the prime factors of 6940472668?
2, 1735118167
List the prime factors of 62395156.
2, 15598789
List the prime factors of 1069753099.
41, 149, 4271
What are the prime factors of 1725434876?
2, 11, 83, 173, 2731
List the prime factors of 22778528.
2, 711829
What are the prime factors of 244581644?
2, 53, 1153687
What are the prime factors of 159560945?
5, 151, 211339
What are the prime factors of 414948470?
2, 5, 41494847
List the prime factors of 2565186044.
2, 23, 239, 116663
List the prime factors of 4553563444.
2, 1138390861
What are the prime factors of 124058923?
19, 1487, 4391
What are the prime factors of 55918282?
2, 7, 251, 15913
What are the prime factors of 3106990245?
3, 5, 207132683
What are the prime factors of 1462043463?
3, 19081, 25541
What are the prime factors of 774057468?
2, 3, 64504789
What are the prime factors of 2240605?
5, 448121
What are the prime factors of 448225217?
11, 40747747
What are the prime factors of 986475721?
7, 11, 12811373
What are the prime factors of 7794664?
2, 71, 13723
What are the prime factors of 73520982?
2, 3, 61, 66959
List the prime factors of 1370448072.
2, 3, 7, 14387
What are the prime factors of 150525823?
7, 23, 934943
List the prime factors of 487700721.
3, 19, 2852051
What are the prime factors of 130297260?
2, 3, 5, 2171621
What are the prime factors of 1912053995?
5, 37, 251, 41177
List the prime factors of 565710948.
2, 3, 11, 41, 34843
What are the prime factors of 1495596366?
2, 3, 11, 839, 3001
What are the prime factors of 212152256?
2, 3314879
List the prime factors of 1275274943.
2753, 463231
List the prime factors of 99962342.
2, 49981171
List the prime factors of 2197329282.
2, 3, 103, 131687
What are the prime factors of 35982209?
79, 455471
What are the prime factors of 69079725?
3, 5, 11, 13, 19, 113
List the prime factors of 323917379.
701, 462079
List the prime factors of 275300107.
275300107
What are the prime factors of 381425141?
17, 2371, 9463
What are the prime factors of 3044079903?
3, 79, 1399, 9181
List the prime factors of 1723133484.
2, 3, 19, 29, 86869
List the prime factors of 48933957.
3, 43, 379333
What are the prime factors of 10311?
3, 7, 491
List the prime factors of 2161599110.
2, 5, 11, 23, 854387
List the prime factors of 66628549.
13, 5125273
What are the prime factors of 3598739505?
3, 5, 23, 3477043
List the prime factors of 126479698.
2, 63239849
List the prime factors of 2344667147.
151, 15527597
List the prime factors of 39654399.
3, 599, 22067
What are the prime factors of 5739107236?
2, 59, 1063, 22877
What are the prime factors of 292201066?
2, 17, 347, 24767
What are the prime factors of 246040046?
2, 7, 17574289
List the prime factors of 7120927742.
2, 23, 503, 307759
What are the prime factors of 529518780?
2, 3, 5, 7, 420253
What are the prime factors of 9262664?
2, 1157833
List the prime factors of 1027777589.
1027777589
List the prime factors of 68128260.
2, 3, 5, 827, 1373
List the prime factors of 107971798.
2, 11, 23, 213383
List the prime factors of 237397273.
907, 261739
What are the prime factors of 4174137855?
3, 5, 67, 547, 2531
What are the prime factors of 665330456?
2, 7, 541, 21961
List the prime factors of 11985367.
53, 101, 2239
What are the prime factors of 1110634?
2, 7, 1619
List the prime factors of 206965154.
2, 11, 1163, 8089
List the prime factors of 1329126269.
1329126269
List the prime factors of 502966739.
11, 45724249
What are the prime factors of 175937484?
2, 3, 1471, 9967
List the prime factors of 291769144.
2, 36471143
List the prime factors of 432857604.
2, 3, 17, 457, 4643
What are the prime factors of 304820009?
13, 431, 54403
List the prime factors of 323046765.
3, 5, 2392939
What are the prime factors of 161863819?
13, 29, 429347
List the prime factors of 213600425.
5, 23, 371479
What are the prime factors of 4553519565?
3, 5, 7, 47, 922699
What are the prime factors of 994431799?
89, 1061, 10531
List the prime factors of 1588772227.
7, 31, 149419
List the prime factors of 24894671.
23, 1082377
List the prime factors of 1108810563.
3, 7, 29, 8969
What are the prime factors of 7325414?
2, 83, 44129
List the prime factors of 1729047340.
2, 5, 73, 16223
What are the prime factors of 63241339?
7, 9034477
What are the prime factors of 1807650763?
41, 44089043
What are the prime factors of 214818860?
2, 5, 103, 104281
What are the prime factors of 184693534?
2, 92346767
List the prime factors of 52669830.
2, 3, 5, 41, 42821
What are the prime factors of 2956717808?
2, 11, 233, 72101
What are the prime factors of 2323841990?
2, 5, 2591, 89689
List the prime factors of 5641202886.
2, 3, 11, 67, 167, 7639
What are the prime factors of 426054818?
2, 7, 271, 112297
What are the prime factors of 164164798?
2, 7, 43, 163, 239
What are the prime factors of 314381072?
2, 181, 108557
What are the prime factors of 13919380?
2, 5, 307, 2267
List the prime factors of 49642471.
61, 813811
What are the prime factors of 5752498794?
2, 3, 7, 17, 8056721
What are the prime factors of 105290181?
3, 11698909
List the prime factors of 24534596.
2, 43, 67, 2129
List the prime factors of 64403179.
19, 797, 4253
What are the prime factors of 27128578?
2, 13564289
List the prime factors of 1852252.
2, 17, 27239
What are the prime factors of 1867078?
2, 29, 32191
What are the prime factors of 576019120?
2, 5, 7200239
What are the prime factors of 1114365369?
3, 13, 197, 145043
What are the prime factors of 76180438?
2, 4547, 8377
What are the prime factors of 66773723?
79, 845237
What are the prime factors of 42105943?
11, 347983
List the prime factors of 14962721.
14962721
List the prime factors of 703757756.
2, 13, 281, 48163
What are the prime factors of 324475987?
11, 59, 263, 1901
What are the prime factors of 303160490?
2, 5, 17, 29, 61493
List the prime factors of 2055475070.
2, 5, 11, 18686137
List the pri